{"id":793,"date":"2010-10-09T00:50:25","date_gmt":"2010-10-09T00:50:25","guid":{"rendered":"http:\/\/ignaciocardona.com\/portfolio\/simon-diaz-cultural-center-arepa-architecture-ecology-and-participation\/"},"modified":"2023-02-09T00:51:25","modified_gmt":"2023-02-09T00:51:25","slug":"simon-diaz-cultural-center-arepa-architecture-ecology-and-participation","status":"publish","type":"portfolio","link":"https:\/\/ignaciocardona.com\/es\/portfolio\/simon-diaz-cultural-center-arepa-architecture-ecology-and-participation\/","title":{"rendered":"Centro Cultural Sim\u00f3n D\u00edaz | Arepa Arquitectura Ecolog\u00eda y Participaci\u00f3n"},"content":{"rendered":"","protected":false},"featured_media":792,"template":"","portfolio_type":[51],"acf":[],"aioseo_notices":[],"_links":{"self":[{"href":"https:\/\/ignaciocardona.com\/es\/wp-json\/wp\/v2\/portfolio\/793"}],"collection":[{"href":"https:\/\/ignaciocardona.com\/es\/wp-json\/wp\/v2\/portfolio"}],"about":[{"href":"https:\/\/ignaciocardona.com\/es\/wp-json\/wp\/v2\/types\/portfolio"}],"wp:featuredmedia":[{"embeddable":true,"href":"https:\/\/ignaciocardona.com\/es\/wp-json\/wp\/v2\/media\/792"}],"wp:attachment":[{"href":"https:\/\/ignaciocardona.com\/es\/wp-json\/wp\/v2\/media?parent=793"}],"wp:term":[{"taxonomy":"portfolio_type","embeddable":true,"href":"https:\/\/ignaciocardona.com\/es\/wp-json\/wp\/v2\/portfolio_type?post=793"}],"curies":[{"name":"wp","href":"https:\/\/api.w.org\/{rel}","templated":true}]}}

Centro Cultural Simón Díaz | Arepa Arquitectura Ecología y Participación
