{"id":708,"date":"2014-01-13T16:49:55","date_gmt":"2014-01-13T16:49:55","guid":{"rendered":"http:\/\/ignaciocardona.com\/portfolio\/participatory-design-workshops-arepa-architecture-ecology-and-participation\/"},"modified":"2023-01-13T16:52:10","modified_gmt":"2023-01-13T16:52:10","slug":"participatory-design-workshops-arepa-architecture-ecology-and-participation","status":"publish","type":"portfolio","link":"https:\/\/ignaciocardona.com\/es\/portfolio\/participatory-design-workshops-arepa-architecture-ecology-and-participation\/","title":{"rendered":"Talleres de Dise\u00f1o Participativo | Arepa Arquitectura Ecolog\u00eda y Participaci\u00f3n"},"content":{"rendered":"<p>2014<\/p>\n<p>Anfitriones:<\/p>\n<p>* AC Caracas a Pie<\/p>\n<p>* AC Red Urbana Ciudadana<\/p>\n<p>* Arepa Architecture Ecology and Participation<\/p>\n<p>Ubicaci\u00f3n:<\/p>\n<p>* Sistema de Escuelas P\u00fablicas de Petare, el barrio autoproducido mas denso de Am\u00e9rica Latina.<\/p>\n<p>Jefes de Proyecto:<\/p>\n<p>* Ignacio Cardona<\/p>\n<p>* Cheo Carvajal<\/p>\n<p>Facilitadores:<\/p>\n<p>* Juancho Pinto \/ Josymar Rodr\u00edguez \/ Oscar Rodr\u00edguez \/ Rodrigo Guerra \/ Santiago Rizo.<\/p>\n<p>Consultores:<\/p>\n<p>* Gerardo Zavarce \/ Curador Art\u00edstico<\/p>\n<p>* Mar\u00eda Izquiel \/ Procesos Psicosociales<\/p>\n<p>*<\/p>\n<p>Creo que la educaci\u00f3n en arquitectura debe ir mas all\u00e1 del taller y el sal\u00f3n de clase. Esta l\u00e1mina muestra uno de m\u00faltiples talleres en arquitectura y dise\u00f1o urbano que he liderado, especialmente con ni\u00f1os, en asentamientos desfavorecidos.<\/p>\n<p>La idea de estos talleres reside en la creencia que la ciudad emerge a partir de la idea que nosotros tenemos sobre el medio que nos rodea. Por esta raz\u00f3n, hemos organizado una serie de Talleres de Dise\u00f1o Participativo buscando discutir y crear consciencia sobre la necesidad de la sostenibilidad en ambientes autoproducidos.<\/p>\n<p>Esta propuesta busca escuchar las necesidades sentidas de los ciudadanos, especialmente ni\u00f1os ni\u00f1os, e integrarlos en el proyecto urbano. Pero la participaci\u00f3n es siempre multidireccional, as\u00ed que las ideas que nosotros tenemos del espacio como arquitectos tambi\u00e9n va a la cabeza de otros participantes a trav\u00e9s del di\u00e1logo.<\/p>\n<p>Hemos desarrollado varios m\u00e9todos para invitar a los ni\u00f1os a participar en el proceso de dise\u00f1o urbano: dibujos, modelos, happenings, etc.; entre ellos est\u00e1 el \u00abhandy-shop,\u00bb un dispositivo hecho con materiales de reciclaje que permite a los ni\u00f1os dibujar sus ideas directamente enfrente al paisaje urbano heredado.<\/p>\n<p>Esta propuesta est\u00e1 a medio camino entre dise\u00f1o y educaci\u00f3n ciudadana, porque la conexi\u00f3n entre estos dos universos es crucial para la transformaci\u00f3n positiva de la ciudad.<\/p>\n","protected":false},"featured_media":707,"template":"","portfolio_type":[51],"acf":[],"aioseo_notices":[],"_links":{"self":[{"href":"https:\/\/ignaciocardona.com\/es\/wp-json\/wp\/v2\/portfolio\/708"}],"collection":[{"href":"https:\/\/ignaciocardona.com\/es\/wp-json\/wp\/v2\/portfolio"}],"about":[{"href":"https:\/\/ignaciocardona.com\/es\/wp-json\/wp\/v2\/types\/portfolio"}],"wp:featuredmedia":[{"embeddable":true,"href":"https:\/\/ignaciocardona.com\/es\/wp-json\/wp\/v2\/media\/707"}],"wp:attachment":[{"href":"https:\/\/ignaciocardona.com\/es\/wp-json\/wp\/v2\/media?parent=708"}],"wp:term":[{"taxonomy":"portfolio_type","embeddable":true,"href":"https:\/\/ignaciocardona.com\/es\/wp-json\/wp\/v2\/portfolio_type?post=708"}],"curies":[{"name":"wp","href":"https:\/\/api.w.org\/{rel}","templated":true}]}}

Talleres de Diseño Participativo | Arepa Arquitectura Ecología y Participación

<p>2014</p>
<p>Anfitriones:</p>
<p>* AC Caracas a Pie</p>
<p>* AC Red Urbana Ciudadana</p>
<p>* Arepa Architecture Ecology and Participation</p>
<p>Ubicación:</p>
<p>* Sistema de Escuelas Públicas de Petare, el barrio autoproducido mas denso de América Latina.</p>
<p>Jefes de Proyecto:</p>
<p>* Ignacio Cardona</p>
<p>* Cheo Carvajal</p>
<p>Facilitadores:</p>
<p>* Juancho Pinto / Josymar Rodríguez / Oscar Rodríguez / Rodrigo Guerra / Santiago Rizo.</p>
<p>Consultores:</p>
<p>* Gerardo Zavarce / Curador Artístico</p>
<p>* María Izquiel / Procesos Psicosociales</p>
<p>*</p>
<p>Creo que la educación en arquitectura debe ir mas allá del taller y el salón de clase. Esta lámina muestra uno de múltiples talleres en arquitectura y diseño urbano que he liderado, especialmente con niños, en asentamientos desfavorecidos.</p>
<p>La idea de estos talleres reside en la creencia que la ciudad emerge a partir de la idea que nosotros tenemos sobre el medio que nos rodea. Por esta razón, hemos organizado una serie de Talleres de Diseño Participativo buscando discutir y crear consciencia sobre la necesidad de la sostenibilidad en ambientes autoproducidos.</p>
<p>Esta propuesta busca escuchar las necesidades sentidas de los ciudadanos, especialmente niños niños, e integrarlos en el proyecto urbano. Pero la participación es siempre multidireccional, así que las ideas que nosotros tenemos del espacio como arquitectos también va a la cabeza de otros participantes a través del diálogo.</p>
<p>Hemos desarrollado varios métodos para invitar a los niños a participar en el proceso de diseño urbano: dibujos, modelos, happenings, etc.; entre ellos está el «handy-shop,» un dispositivo hecho con materiales de reciclaje que permite a los niños dibujar sus ideas directamente enfrente al paisaje urbano heredado.</p>
<p>Esta propuesta está a medio camino entre diseño y educación ciudadana, porque la conexión entre estos dos universos es crucial para la transformación positiva de la ciudad.</p>
