{"id":592,"date":"2004-12-07T18:14:38","date_gmt":"2004-12-07T18:14:38","guid":{"rendered":"http:\/\/ignaciocardona.com\/portfolio\/san-agustin-sport-center-grupo-oi\/"},"modified":"2023-02-09T01:26:23","modified_gmt":"2023-02-09T01:26:23","slug":"san-agustin-sport-center-grupo-oi","status":"publish","type":"portfolio","link":"https:\/\/ignaciocardona.com\/es\/portfolio\/san-agustin-sport-center-grupo-oi\/","title":{"rendered":"Complejo Deportivo San Agust\u00edn | Grupo Oi"},"content":{"rendered":"<p>2003 &#8211; 2004<\/p>\n<p>Cliente:<\/p>\n<p>* Colegio San Agust\u00edn<\/p>\n<p>Ubicaci\u00f3n:<\/p>\n<p>* El Para\u00edso, Caracas<\/p>\n<p>Jefes de Proyecto:<\/p>\n<p>* Ignacio Cardona \/\/ Oberdan De Lucia<\/p>\n<p>Equipo:<\/p>\n<p>* Carlos Rengifo \/\/ Jimena Cruz \/\/ Francisco Paul \/\/ Esteban Tenreiro \/\/ Jos\u00e9 Rodr\u00edguez.<\/p>\n<p>Gerencia de Obras:<\/p>\n<p>* Ignacio Cardona \/\/ Oberdan De Lucia \/\/ Esteban Tenreiro<\/p>\n<p>Consultores:<\/p>\n<p>* Constructora Galven \/\/ Electricidad Salerno<\/p>\n<p>*<\/p>\n<p>Este proyecto es un complejo deportivo en el Colegio San Agust\u00edn, una instituci\u00f3n educativa ubicada en el poniente de Caracas. Esta escuela ten\u00eda detr\u00e1s un gran terreno subutilizado a un nivel m\u00e1s bajo que el resto de sus edificios.<\/p>\n<p>El proyecto cre\u00f3 una plataforma conectora cuyo techo forma un sistema de plazas y pasarelas elevadas al mismo nivel de la planta baja de la escuela existente. Esta plataforma distribuye la circulaci\u00f3n a los diferentes programas que se ubican en el nivel inferior, en el mismo nivel del terreno del proyecto. En este nivel inferior el edificio es permeable para gozar de la relaci\u00f3n entre un nuevo campo deportivo al norte y una piscina semiol\u00edmpica al sur. Todo el sistema remata con un gimnasio vertical.<\/p>\n<p>En planta, el edificio se adapta a las trazas de la geograf\u00eda. De all\u00ed se forman unas gradas en forma de abanico, lo que genera una geometr\u00eda h\u00edbrida cuya tect\u00f3nica nace de la comprensi\u00f3n de las trazas preexistentes.<\/p>\n","protected":false},"featured_media":614,"template":"","portfolio_type":[51],"acf":[],"aioseo_notices":[],"_links":{"self":[{"href":"https:\/\/ignaciocardona.com\/es\/wp-json\/wp\/v2\/portfolio\/592"}],"collection":[{"href":"https:\/\/ignaciocardona.com\/es\/wp-json\/wp\/v2\/portfolio"}],"about":[{"href":"https:\/\/ignaciocardona.com\/es\/wp-json\/wp\/v2\/types\/portfolio"}],"wp:featuredmedia":[{"embeddable":true,"href":"https:\/\/ignaciocardona.com\/es\/wp-json\/wp\/v2\/media\/614"}],"wp:attachment":[{"href":"https:\/\/ignaciocardona.com\/es\/wp-json\/wp\/v2\/media?parent=592"}],"wp:term":[{"taxonomy":"portfolio_type","embeddable":true,"href":"https:\/\/ignaciocardona.com\/es\/wp-json\/wp\/v2\/portfolio_type?post=592"}],"curies":[{"name":"wp","href":"https:\/\/api.w.org\/{rel}","templated":true}]}}

Complejo Deportivo San Agustín | Grupo Oi

<p>2003 &#8211; 2004</p>
<p>Cliente:</p>
<p>* Colegio San Agustín</p>
<p>Ubicación:</p>
<p>* El Paraíso, Caracas</p>
<p>Jefes de Proyecto:</p>
<p>* Ignacio Cardona // Oberdan De Lucia</p>
<p>Equipo:</p>
<p>* Carlos Rengifo // Jimena Cruz // Francisco Paul // Esteban Tenreiro // José Rodríguez.</p>
<p>Gerencia de Obras:</p>
<p>* Ignacio Cardona // Oberdan De Lucia // Esteban Tenreiro</p>
<p>Consultores:</p>
<p>* Constructora Galven // Electricidad Salerno</p>
<p>*</p>
<p>Este proyecto es un complejo deportivo en el Colegio San Agustín, una institución educativa ubicada en el poniente de Caracas. Esta escuela tenía detrás un gran terreno subutilizado a un nivel más bajo que el resto de sus edificios.</p>
<p>El proyecto creó una plataforma conectora cuyo techo forma un sistema de plazas y pasarelas elevadas al mismo nivel de la planta baja de la escuela existente. Esta plataforma distribuye la circulación a los diferentes programas que se ubican en el nivel inferior, en el mismo nivel del terreno del proyecto. En este nivel inferior el edificio es permeable para gozar de la relación entre un nuevo campo deportivo al norte y una piscina semiolímpica al sur. Todo el sistema remata con un gimnasio vertical.</p>
<p>En planta, el edificio se adapta a las trazas de la geografía. De allí se forman unas gradas en forma de abanico, lo que genera una geometría híbrida cuya tectónica nace de la comprensión de las trazas preexistentes.</p>
