{"id":761,"date":"2015-06-09T00:10:45","date_gmt":"2015-06-09T00:10:45","guid":{"rendered":"http:\/\/ignaciocardona.com\/portfolio\/school-of-urban-ecology-arepa-architecture-ecology-and-participation-2\/"},"modified":"2023-02-09T00:12:44","modified_gmt":"2023-02-09T00:12:44","slug":"school-of-urban-ecology-arepa-architecture-ecology-and-participation-2","status":"publish","type":"portfolio","link":"http:\/\/ignaciocardona.com\/es\/portfolio\/school-of-urban-ecology-arepa-architecture-ecology-and-participation-2\/","title":{"rendered":"Escuela de Ecolog\u00eda Urbana | Arepa Arquitectura Ecolog\u00eda y Participaci\u00f3n"},"content":{"rendered":"","protected":false},"featured_media":757,"template":"","portfolio_type":[51],"acf":[],"aioseo_notices":[],"_links":{"self":[{"href":"http:\/\/ignaciocardona.com\/es\/wp-json\/wp\/v2\/portfolio\/761"}],"collection":[{"href":"http:\/\/ignaciocardona.com\/es\/wp-json\/wp\/v2\/portfolio"}],"about":[{"href":"http:\/\/ignaciocardona.com\/es\/wp-json\/wp\/v2\/types\/portfolio"}],"wp:featuredmedia":[{"embeddable":true,"href":"http:\/\/ignaciocardona.com\/es\/wp-json\/wp\/v2\/media\/757"}],"wp:attachment":[{"href":"http:\/\/ignaciocardona.com\/es\/wp-json\/wp\/v2\/media?parent=761"}],"wp:term":[{"taxonomy":"portfolio_type","embeddable":true,"href":"http:\/\/ignaciocardona.com\/es\/wp-json\/wp\/v2\/portfolio_type?post=761"}],"curies":[{"name":"wp","href":"https:\/\/api.w.org\/{rel}","templated":true}]}}

Escuela de Ecología Urbana | Arepa Arquitectura Ecología y Participación
